p + 2*v, 0 = -5*p + 5*v - 15. Let s be (-168)/70*(p + -1). Calculate the greatest common divisor of s and 4.
4
Let i(g) = 2*g**2 + 5*g + 9. Let c be i(-6). Suppose -o + c = 2*o. Calculate the highest common divisor of 51 and o.
17
Suppose -a + 18 = -22. Let u = 19 + -9. Calculate the greatest common factor of a and u.
10
Let l = 3 - 3. Suppose -2*d - j + 175 = l, 4*j + 2 = 2*j. What is the greatest common divisor of 11 and d?
11
Suppose -z - 5 = 2*o + 3, o + 5*z = -4. Let u = -1 - o. Calculate the greatest common factor of 6 and u.
3
Suppose 0 = -3*x + 25 + 53. Suppose -4*l + 157 = m, -5*m - 76 + 3 = -2*l. What is the highest common divisor of x and l?
13
Let r = -18 + 28. What is the greatest common divisor of r and 10?
10
Suppose 2*y = -4*x - 8, 2*y + 2*x + 3*x + 10 = 0. Let c(j) = -j**3 + 2*j**2 + 4. Let u be c(y). What is the highest common factor of 4 and u?
4
Suppose -46*w = -55*w + 108. Suppose -1 = 5*t - 21. Calculate the highest common divisor of t and w.
4
Let r(a) = -a**3 - 10*a**2 - a - 2. Let u be r(-10). Let d be (u/3)/(10/45). Calculate the highest common factor of 12 and d.
12
Let c be ((-8)/3)/((-3)/9). Suppose 3*w + 9 = -5*g, -3*w + g - c - 1 = 0. Let m = 6 + w. What is the greatest common divisor of m and 24?
3
Let w(q) = q + 3. Let i be w(-4). Let p(t) = -4*t**3 - t**2 + t + 1. Let s be p(i). Let h be 37/s + (-2)/6. Calculate the highest common divisor of h and 84.
12
Suppose -5*c - n + 56 = 3*n, -5*n - 20 = -5*c. Calculate the highest common divisor of c and 32.
8
Suppose 0 = -3*t - 9 + 42. Suppose 5*y = a - 104, -3*a + 5*y = y - 301. What is the highest common divisor of t and a?
11
Let p = -101 - -192. Let d(m) = 12*m**3 + m**2 - m + 1. Let w be d(1). What is the greatest common factor of p and w?
13
Suppose -17*q = -18 - 50. What is the greatest common divisor of 16 and q?
4
Suppose 7*g = 2*g + 170. Suppose -51 - g = -5*l. What is the greatest common factor of l and 85?
17
Let s(z) = -z**2 + 10*z + 1. Let t be s(8). What is the highest common divisor of t and 85?
17
Let m be -2 + 18/15 + (-57)/(-15). Calculate the greatest common factor of m and 6.
3
Suppose 8 = 3*p - 2*f, -2*p + 3*f - 2 = -p. What is the highest common divisor of 22 and p?
2
Let k(v) = -3*v. Let j be k(3). Let z = 17 + j. Calculate the greatest common factor of 2 and z.
2
Suppose 2*i - 288 = 5*x, -2*x + x = 0. Suppose -3*c = -2*c + i. Let f be ((-18)/8)/(3/c). Calculate the greatest common factor of f and 12.
12
Let k(b) = b**2 - 3*b + 70. Let n be k(6). Let h = 4 - 2. Let p(f) = f**3 + f**2 - 3*f + 2. Let u be p(h). Calculate the greatest common divisor of u and n.
8
Let j be 10/(-35) + (-16)/(-7). Suppose -j*b - 1 = -5. Suppose 4 + 10 = b*g. What is the greatest common factor of g and 49?
7
Let n(m) be the second derivative of 17*m**3/6 - 4*m**2 - 5*m. Let x be n(5). Calculate the greatest common factor of x and 11.
11
Let d be 1 - (-6)/3 - 1. Suppose 2*j - 16 = -4*b, -4*j + b = -2*b - 32. Calculate the highest common factor of j and d.
2
Let m(y) = -y - 4. Let s be m(-7). Let r be (6 - 1) + -5 + s. Let w be ((-45)/(-20))/(r/8). Calculate the highest common factor of w and 12.
6
Let i(f) = f - 2. Suppose -5*t + 3*j + 49 = j, -2*t + 13 = -3*j. Let l be i(t). Calculate the highest common factor of l and 99.
9
Let l = 3 + -5. Let w be 16 - l - (0 + -2). Let r be (-1)/(2/(-60)*1). Calculate the highest common divisor of w and r.
10
Suppose 4*p - 10 = -3*h + 3, -2*h + 2*p = -18. Let t(k) = k + 21. Let d be t(-10). Suppose -6*b + d*b = 35. What is the highest common divisor of b and h?
7
Let f be (2/(-6))/(10/(-180)). Let h = 168 - 114. What is the greatest common factor of f and h?
6
Let i be (-15 + 3)/((-2)/15). Suppose 0 = -0*k + 2*k - 72. Calculate the highest common divisor of k and i.
18
Suppose 4*f - 9 = -1. Suppose -n - f*a = -0*a - 14, -a = n - 15. What is the highest common divisor of n and 48?
16
Let q = 74 - 32. Calculate the greatest common divisor of 12 and q.
6
Let v = 14 - 12. Suppose -4*i = 3*h + v, 0 = -i - 3*i - 20. Suppose 5*k - 15 = 0, -5*k + 3 = -3*m - k. Calculate the greatest common factor of m and h.
3
Let p(y) = -y + 13. Let b be p(0). Suppose 4*r - 75 = b. What is the highest common divisor of 33 and r?
11
Let y(v) = v**3 - 2*v**2 + 2. Let t be y(2). Let u be ((-117)/(-6) - -3)*t. Let f = -11 + 20. Calculate the highest common factor of f and u.
9
Let k = -56 + 70. Calculate the highest common divisor of k and 154.
14
Let f(c) = -5*c - 15. Let q be f(-5). Calculate the highest common factor of 170 and q.
10
Let b = 48 - 38. Calculate the highest common factor of 90 and b.
10
Let u = 27 + 0. Let l(f) = -2. Let p(q) = -q + 2. Let k(h) = -3*l(h) - 4*p(h). Let r be k(5). What is the greatest common factor of u and r?
9
Let y be 38*1 + (2 - 1). Let l(b) = -11*b - 64. Let h be l(-7). Calculate the greatest common divisor of h and y.
13
Let y = 25 + -36. Let q = 2 - y. Calculate the greatest common divisor of 91 and q.
13
Suppose 8*w = 4*w + 44. Calculate the highest common factor of 2 and w.
1
Let g(p) = 8*p - p - 4*p. Let k be g(2). Calculate the highest common divisor of 24 and k.
6
Let a = -16 - -10. Let y = a + 12. Let p be ((-4)/y)/((-2)/66). Calculate the highest common divisor of 2 and p.
2
Let v be 0/(4*1/(-2)). Suppose -5*o + k + 32 = v, -o - 4*k = -4*o + 26. Calculate the highest common divisor of o and 30.
6
Let c(j) = j + 9. Let r be c(-5). Suppose -r*a = -3*s + 76, -5*s + 46 + 58 = -a. Calculate the greatest common factor of s and 8.
4
Let j = 4 + -2. Let z = 11 - 6. Suppose -5*s = -4*u - 10, -z*s = -4*s - 4*u - 2. Calculate the highest common divisor of s and j.
2
Let m = -5 - 2. Let t be 14/(-49) + (-352)/m. What is the greatest common factor of t and 10?
10
Let k(v) = -2*v - 3 + 2 + 0. Let t be k(-2). Suppose -u + 6 = -t. Calculate the highest common factor of u and 81.
9
Let p(k) be the second derivative of k**3/6 + 9*k**2/2 - 8*k. Let t be p(-8). Calculate the highest common divisor of 11 and t.
1
Let r = -13 + 10. Suppose -3*k + h = -24 + 5, 0 = h + 4. Let v = k + r. Calculate the greatest common divisor of 2 and v.
2
Let t = 302 + -174. Calculate the greatest common divisor of 48 and t.
16
Let p = -15 - -10. Let n = p + 9. Suppose n*y - 27 = y. Calculate the greatest common factor of 72 and y.
9
Suppose -24 = -2*q - 5*v, 0*v - v - 6 = -5*q. Let x be (-232)/(-6) - q/(-6). Suppose 3*n - 33 - x = 0. What is the highest common factor of 8 and n?
8
Let h = -29 + 42. Calculate the highest common factor of 13 and h.
13
Let j be 266/21*(-3)/(-2). Suppose -51 - j = -5*m. What is the highest common factor of 35 and m?
7
Suppose s = z - 9, 15 = -0*z + 3*z. Let o be 2/(-2*1)*11. Let v = s - o. What is the highest common divisor of 7 and v?
7
Suppose 0 = 6*r - 48 - 186. What is the greatest common factor of r and 13?
13
Suppose -4*y = 3*r - 70, -3*y + 100 = 4*r - y. Suppose -r = -v - v. Calculate the greatest common factor of 104 and v.
13
Let m = -20 + 45. Suppose -2*h = 3*h - a - 52, 4*a = -2*h + 12. What is the greatest common divisor of m and h?
5
Let i = 132 + -131. Let l be 2 + 0 + -1 + 0. Calculate the highest common factor of l and i.
1
Let k(w) = -4*w - 2. Let i be k(-2). Suppose -5*r + i = -4. Suppose r = c - 10. Calculate the greatest common factor of 6 and c.
6
Suppose -4*v + 3*l + 346 = 0, 169 = 3*v + l - 84. What is the highest common divisor of v and 17?
17
Let h = 32 - 11. Let x = -9 + h. Let m = -72 - -120. Calculate the greatest common factor of x and m.
12
Suppose 0 = l + 35 - 90. Calculate the highest common divisor of l and 11.
11
Let q be 4*25/(-2)*-1. What is the highest common factor of q and 250?
50
Suppose -52 = 2*j + 2. Let n = 41 + j. What is the highest common divisor of n and 28?
14
Suppose 3*w + 30 = -2*w. Let p = -9 - w. Let b be -26*(p + 3/(-2)). What is the greatest common factor of b and 13?
13
Let o(r) = -r**2 - r + 1. Let x(z) = 5*z**2 + 6*z - 86. Let m(k) = -6*o(k) - x(k). Let t be m(0). What is the greatest common divisor of t and 10?
10
Suppose -5*a - 150 = -795. Calculate the highest common factor of a and 43.
43
Let o = 10 + -18. Let x be ((-6)/o)/((-10)/(-120)). Calculate the greatest common divisor of x and 81.
9
Let y be 46*((-4)/8 - -1). What is the greatest common divisor of 92